{"id":1862,"date":"2020-01-12T11:23:19","date_gmt":"2020-01-12T10:23:19","guid":{"rendered":"http:\/\/astroaspach.fr\/astroaspachV2\/?page_id=1862"},"modified":"2023-02-01T20:29:27","modified_gmt":"2023-02-01T19:29:27","slug":"nos-animations-2020","status":"publish","type":"page","link":"https:\/\/astroaspach.fr\/astroaspachV2\/nos-animations-2023\/nos-animations-2020\/","title":{"rendered":"Nos animations 2020"},"content":{"rendered":"<p><a href=\"http:\/\/astroaspach.fr\/astroaspachV2\/wp-content\/uploads\/2019\/08\/IMG_8498.jpg\"><img loading=\"lazy\" decoding=\"async\" class=\"aligncenter wp-image-1703\" src=\"http:\/\/astroaspach.fr\/astroaspachV2\/wp-content\/uploads\/2019\/08\/IMG_8498.jpg\" alt=\"\" width=\"400\" height=\"267\" srcset=\"https:\/\/astroaspach.fr\/astroaspachV2\/wp-content\/uploads\/2019\/08\/IMG_8498.jpg 640w, https:\/\/astroaspach.fr\/astroaspachV2\/wp-content\/uploads\/2019\/08\/IMG_8498-300x200.jpg 300w\" sizes=\"auto, (max-width: 400px) 100vw, 400px\" \/><\/a><\/p>\n<p>En 2020 de nombreuses animations sont d\u00e9j\u00e0 programm\u00e9es ou envisag\u00e9es :<\/p>\n<h4><span style=\"color: #ff0000;\">Toutes les animations ci dessous sont annul\u00e9es<\/span><\/h4>\n<ul>\n<li><del>mardi 7 avril 2020 : visite des enseignants du coll\u00e8ge de Burnhaupt<\/del><\/li>\n<li><del>samedi&nbsp; 2 mai 2020 de 10 heures \u00e0 24 heures : portes ouvertes \u00e0 l&rsquo;observatoire et au Foyer Sainte C\u00e9cile d &lsquo;Aspach<\/del><\/li>\n<li><del>samedi apr\u00e8s-midi 30 mai 2020 : animation cadrans solaires au CINE (Centre d&rsquo;Initiation \u00e0 la Nature et \u00e0 l&rsquo;Environnement) \u00e0 Altenach, inscriptions obligatoires aupr\u00e8s du CINE \u00e0 Altenach (nombre de places limit\u00e9)<\/del><\/li>\n<li><del>samedi soir 27 juin 2020 : \u00ab\u00a0On the moon again\u00a0\u00bb Place de la Halle au Bl\u00e9 \u00e0 Altkirch<\/del><\/li>\n<li><del>vendredi soir 7 ao\u00fbt 2020 : soir\u00e9e \u00ab\u00a0\u00e9toiles filantes\u00a0\u00bb au stade de foot d&rsquo;Aspach<\/del><\/li>\n<\/ul>\n<h4><span style=\"color: #ff0000;\">Toutes les animations ci dessus sont annul\u00e9es<\/span><\/h4>\n<p><del>Peut \u00eatre que cette animation du 28 ao\u00fbt pourra se faire ????<\/del><\/p>\n<ul>\n<li><del>vendredi soir 28 ao\u00fbt 2020 : animation \u00ab\u00a0observation du ciel\u00a0\u00bb au CINE (Centre d&rsquo;Initiation \u00e0 la Nature et \u00e0 l&rsquo;Environnementd&rsquo;Altenach<\/del><\/li>\n<\/ul>\n<h4><span style=\"color: #ffff00;\">Toutes les animations pr\u00e9vues sont annul\u00e9es jusqu&rsquo;\u00e0 ce que les circonstances le permettent \u00e0 nouveau, et c&rsquo;est avec joie que nous nous retrouverons l\u2019\u0153il plong\u00e9 dans un oculaire !&nbsp;<\/span><\/h4>\n","protected":false},"excerpt":{"rendered":"<p>En 2020 de nombreuses animations sont d\u00e9j\u00e0 programm\u00e9es ou envisag\u00e9es : Toutes les animations ci dessous sont annul\u00e9es mardi 7 avril 2020 : visite des enseignants du coll\u00e8ge de Burnhaupt samedi&nbsp; 2 mai 2020 de 10 heures \u00e0 24 heures : portes ouvertes \u00e0 l&rsquo;observatoire et au Foyer Sainte C\u00e9cile d &lsquo;Aspach samedi apr\u00e8s-midi 30 [&hellip;]<\/p>\n","protected":false},"author":1,"featured_media":0,"parent":2497,"menu_order":2,"comment_status":"closed","ping_status":"closed","template":"","meta":{"footnotes":""},"class_list":["post-1862","page","type-page","status-publish","hentry"],"_links":{"self":[{"href":"https:\/\/astroaspach.fr\/astroaspachV2\/wp-json\/wp\/v2\/pages\/1862","targetHints":{"allow":["GET"]}}],"collection":[{"href":"https:\/\/astroaspach.fr\/astroaspachV2\/wp-json\/wp\/v2\/pages"}],"about":[{"href":"https:\/\/astroaspach.fr\/astroaspachV2\/wp-json\/wp\/v2\/types\/page"}],"author":[{"embeddable":true,"href":"https:\/\/astroaspach.fr\/astroaspachV2\/wp-json\/wp\/v2\/users\/1"}],"replies":[{"embeddable":true,"href":"https:\/\/astroaspach.fr\/astroaspachV2\/wp-json\/wp\/v2\/comments?post=1862"}],"version-history":[{"count":9,"href":"https:\/\/astroaspach.fr\/astroaspachV2\/wp-json\/wp\/v2\/pages\/1862\/revisions"}],"predecessor-version":[{"id":2499,"href":"https:\/\/astroaspach.fr\/astroaspachV2\/wp-json\/wp\/v2\/pages\/1862\/revisions\/2499"}],"up":[{"embeddable":true,"href":"https:\/\/astroaspach.fr\/astroaspachV2\/wp-json\/wp\/v2\/pages\/2497"}],"wp:attachment":[{"href":"https:\/\/astroaspach.fr\/astroaspachV2\/wp-json\/wp\/v2\/media?parent=1862"}],"curies":[{"name":"wp","href":"https:\/\/api.w.org\/{rel}","templated":true}]}}

<p><a href="http://astroaspach.fr/astroaspachV2/wp-content/uploads/2019/08/IMG_8498.jpg"><img loading="lazy" decoding="async" class="aligncenter wp-image-1703" src="http://astroaspach.fr/astroaspachV2/wp-content/uploads/2019/08/IMG_8498.jpg" alt="" width="400" height="267" srcset="https://astroaspach.fr/astroaspachV2/wp-content/uploads/2019/08/IMG_8498.jpg 640w, https://astroaspach.fr/astroaspachV2/wp-content/uploads/2019/08/IMG_8498-300x200.jpg 300w" sizes="auto, (max-width: 400px) 100vw, 400px" /></a></p>
<p>En 2020 de nombreuses animations sont déjà programmées ou envisagées :</p>
<h4><span style="color: #ff0000;">Toutes les animations ci dessous sont annulées</span></h4>
<ul>
<li><del>mardi 7 avril 2020 : visite des enseignants du collège de Burnhaupt</del></li>
<li><del>samedi&nbsp; 2 mai 2020 de 10 heures à 24 heures : portes ouvertes à l&rsquo;observatoire et au Foyer Sainte Cécile d &lsquo;Aspach</del></li>
<li><del>samedi après-midi 30 mai 2020 : animation cadrans solaires au CINE (Centre d&rsquo;Initiation à la Nature et à l&rsquo;Environnement) à Altenach, inscriptions obligatoires auprès du CINE à Altenach (nombre de places limité)</del></li>
<li><del>samedi soir 27 juin 2020 : « On the moon again » Place de la Halle au Blé à Altkirch</del></li>
<li><del>vendredi soir 7 août 2020 : soirée « étoiles filantes » au stade de foot d&rsquo;Aspach</del></li>
</ul>
<h4><span style="color: #ff0000;">Toutes les animations ci dessus sont annulées</span></h4>
<p><del>Peut être que cette animation du 28 août pourra se faire ????</del></p>
<ul>
<li><del>vendredi soir 28 août 2020 : animation « observation du ciel » au CINE (Centre d&rsquo;Initiation à la Nature et à l&rsquo;Environnementd&rsquo;Altenach</del></li>
</ul>
<h4><span style="color: #ffff00;">Toutes les animations prévues sont annulées jusqu&rsquo;à ce que les circonstances le permettent à nouveau, et c&rsquo;est avec joie que nous nous retrouverons l’œil plongé dans un oculaire !&nbsp;</span></h4>

<p>En 2020 de nombreuses animations sont déjà programmées ou envisagées : Toutes les animations ci dessous sont annulées mardi 7 avril 2020 : visite des enseignants du collège de Burnhaupt samedi&nbsp; 2 mai 2020 de 10 heures à 24 heures : portes ouvertes à l&rsquo;observatoire et au Foyer Sainte Cécile d &lsquo;Aspach samedi après-midi 30 [&hellip;]</p>
